{"id":7100,"date":"2024-02-14T12:41:25","date_gmt":"2024-02-14T11:41:25","guid":{"rendered":"https:\/\/indem.uc3m.es\/events\/regis-escuela-de-verano\/"},"modified":"2026-01-22T13:18:13","modified_gmt":"2026-01-22T12:18:13","slug":"regis-escuela-de-verano","status":"publish","type":"events","link":"https:\/\/indem.uc3m.es\/es\/events\/regis-escuela-de-verano\/","title":{"rendered":"REGIS Escuela de Verano"},"content":{"rendered":"<p>Despu\u00e9s del \u00e9xito de la primera edici\u00f3n, estamos encantados de anunciar la segunda Escuela de Verano REGIS, un evento presencial de 4 d\u00edas en la Universidad Carlos III, Madrid , Espa\u00f1a . La escuela de verano incluir\u00e1 conferencias formales, talleres pr\u00e1cticos, sesiones de intercambio de ideas sobre trabajos de los estudiantes de doctorado y actividades sociales.<\/p>\n<p>Daremos la bienvenida a hasta 50 Ph.D. candidatos , formando un grupo geogr\u00e1ficamente equilibrado en el esp\u00edritu de REGIS. La\u00a0<span style=\"font-size:14.0pt;line-height:107%;\nfont-family:\" calibri\",sans-serif;mso-ascii-theme-font:minor-latin;mso-fareast-font-family:=\"\" calibri;mso-fareast-theme-font:minor-latin;mso-hansi-theme-font:minor-latin;=\"\" mso-bidi-font-family:\"times=\"\" new=\"\" roman\";mso-bidi-theme-font:minor-bidi;=\"\" mso-ansi-language:es;mso-fareast-language:en-us;mso-bidi-language:ar-sa\"=\"\"><a href=\"https:\/\/drive.google.com\/file\/d\/1Zb_kN8H91oItaNgCtv4ULDHIDhtEmO-O\/view\" target=\"_blank\" rel=\"noopener\">convocatoria<\/a><\/span>\u00a0ya est\u00e1 abierta. La fecha l\u00edmite de presentaci\u00f3n es el 1 de marzo. Env\u00ede el material de su solicitud en la\u00a0<a href=\"https:\/\/docs.google.com\/forms\/d\/e\/1FAIpQLSfS0i7tjPYCBJBsvIjzsfNz60kMfrYeZHR-1EnSBVh7w72tFQ\/viewform\" style=\"font-family: Calibri, sans-serif; font-size: 14pt; background-color: rgb(255, 255, 255);\" target=\"_blank\" rel=\"noopener\">plataforma<br \/>\nde env\u00edo<\/a><\/p>\n<p><span style=\"color: inherit;\">Las consultas deben enviarse a\u00a0<\/span><a href=\"summerschool@regis.science\" style=\"font-family: Calibri, sans-serif; font-size: 14pt; background-color: rgb(255, 255, 255);\">summerschool@regis.science<\/a><\/p>\n<p>El REGIS Summer School tendr\u00e1 lugar en la Universidad Carlos III de Madrid-Campus Puerta de Toledo del 4 al 7 de junio de 2024<\/p>\n<p><\/p>\n<p><a href=\"https:\/\/indem.uc3m.es\/pdf\/1713363001-Regis program.pdf\">Programa REGIS Summer School<\/a><a href=\"https:\/\/indem.uc3m.es\/pdf\/1713363001-Regis program.pdf\"><\/a><a href=\"https:\/\/indem.uc3m.es\/pdf\/1712214393-Regis program.pdf\"> <\/a><a href=\"https:\/\/indem.uc3m.es\/pdf\/1712214393-Regis program.pdf\"><\/a><\/p>\n","protected":false},"featured_media":1621,"template":"","meta":{"site-sidebar-layout":"default","site-content-layout":"","ast-site-content-layout":"default","site-content-style":"default","site-sidebar-style":"default","ast-global-header-display":"","ast-banner-title-visibility":"","ast-main-header-display":"","ast-hfb-above-header-display":"","ast-hfb-below-header-display":"","ast-hfb-mobile-header-display":"","site-post-title":"","ast-breadcrumbs-content":"","ast-featured-img":"","footer-sml-layout":"","ast-disable-related-posts":"","theme-transparent-header-meta":"","adv-header-id-meta":"","stick-header-meta":"","header-above-stick-meta":"","header-main-stick-meta":"","header-below-stick-meta":"","astra-migrate-meta-layouts":"default","ast-page-background-enabled":"default","ast-page-background-meta":{"desktop":{"background-color":"","background-image":"","background-repeat":"repeat","background-position":"center center","background-size":"auto","background-attachment":"scroll","background-type":"","background-media":"","overlay-type":"","overlay-color":"","overlay-opacity":"","overlay-gradient":""},"tablet":{"background-color":"","background-image":"","background-repeat":"repeat","background-position":"center center","background-size":"auto","background-attachment":"scroll","background-type":"","background-media":"","overlay-type":"","overlay-color":"","overlay-opacity":"","overlay-gradient":""},"mobile":{"background-color":"","background-image":"","background-repeat":"repeat","background-position":"center center","background-size":"auto","background-attachment":"scroll","background-type":"","background-media":"","overlay-type":"","overlay-color":"","overlay-opacity":"","overlay-gradient":""}},"ast-content-background-meta":{"desktop":{"background-color":"var(--ast-global-color-5)","background-image":"","background-repeat":"repeat","background-position":"center center","background-size":"auto","background-attachment":"scroll","background-type":"","background-media":"","overlay-type":"","overlay-color":"","overlay-opacity":"","overlay-gradient":""},"tablet":{"background-color":"var(--ast-global-color-5)","background-image":"","background-repeat":"repeat","background-position":"center center","background-size":"auto","background-attachment":"scroll","background-type":"","background-media":"","overlay-type":"","overlay-color":"","overlay-opacity":"","overlay-gradient":""},"mobile":{"background-color":"var(--ast-global-color-5)","background-image":"","background-repeat":"repeat","background-position":"center center","background-size":"auto","background-attachment":"scroll","background-type":"","background-media":"","overlay-type":"","overlay-color":"","overlay-opacity":"","overlay-gradient":""}}},"year-events":[58],"class_list":["post-7100","events","type-events","status-publish","has-post-thumbnail","hentry","year-events-58"],"_links":{"self":[{"href":"https:\/\/indem.uc3m.es\/es\/wp-json\/wp\/v2\/events\/7100","targetHints":{"allow":["GET"]}}],"collection":[{"href":"https:\/\/indem.uc3m.es\/es\/wp-json\/wp\/v2\/events"}],"about":[{"href":"https:\/\/indem.uc3m.es\/es\/wp-json\/wp\/v2\/types\/events"}],"wp:featuredmedia":[{"embeddable":true,"href":"https:\/\/indem.uc3m.es\/es\/wp-json\/wp\/v2\/media\/1621"}],"wp:attachment":[{"href":"https:\/\/indem.uc3m.es\/es\/wp-json\/wp\/v2\/media?parent=7100"}],"wp:term":[{"taxonomy":"year-events","embeddable":true,"href":"https:\/\/indem.uc3m.es\/es\/wp-json\/wp\/v2\/year-events?post=7100"}],"curies":[{"name":"wp","href":"https:\/\/api.w.org\/{rel}","templated":true}]}}

<p>Después del éxito de la primera edición, estamos encantados de anunciar la segunda Escuela de Verano REGIS, un evento presencial de 4 días en la Universidad Carlos III, Madrid , España . La escuela de verano incluirá conferencias formales, talleres prácticos, sesiones de intercambio de ideas sobre trabajos de los estudiantes de doctorado y actividades sociales.</p>
<p>Daremos la bienvenida a hasta 50 Ph.D. candidatos , formando un grupo geográficamente equilibrado en el espíritu de REGIS. La <span style="font-size:14.0pt;line-height:107%;
font-family:" calibri",sans-serif;mso-ascii-theme-font:minor-latin;mso-fareast-font-family:="" calibri;mso-fareast-theme-font:minor-latin;mso-hansi-theme-font:minor-latin;="" mso-bidi-font-family:"times="" new="" roman";mso-bidi-theme-font:minor-bidi;="" mso-ansi-language:es;mso-fareast-language:en-us;mso-bidi-language:ar-sa"=""><a href="https://drive.google.com/file/d/1Zb_kN8H91oItaNgCtv4ULDHIDhtEmO-O/view" target="_blank" rel="noopener">convocatoria</a></span> ya está abierta. La fecha límite de presentación es el 1 de marzo. Envíe el material de su solicitud en la <a href="https://docs.google.com/forms/d/e/1FAIpQLSfS0i7tjPYCBJBsvIjzsfNz60kMfrYeZHR-1EnSBVh7w72tFQ/viewform" style="font-family: Calibri, sans-serif; font-size: 14pt; background-color: rgb(255, 255, 255);" target="_blank" rel="noopener">plataforma<br />
de envío</a></p>
<p><span style="color: inherit;">Las consultas deben enviarse a </span><a href="summerschool@regis.science" style="font-family: Calibri, sans-serif; font-size: 14pt; background-color: rgb(255, 255, 255);">summerschool@regis.science</a></p>
<p>El REGIS Summer School tendrá lugar en la Universidad Carlos III de Madrid-Campus Puerta de Toledo del 4 al 7 de junio de 2024</p>
<p></p>
<p><a href="https://indem.uc3m.es/pdf/1713363001-Regis program.pdf">Programa REGIS Summer School</a><a href="https://indem.uc3m.es/pdf/1713363001-Regis program.pdf"></a><a href="https://indem.uc3m.es/pdf/1712214393-Regis program.pdf"> </a><a href="https://indem.uc3m.es/pdf/1712214393-Regis program.pdf"></a></p>
