{"id":7105,"date":"2025-01-15T08:34:48","date_gmt":"2025-01-15T07:34:48","guid":{"rendered":"https:\/\/indem.uc3m.es\/events\/7a-edicion-workshop-viviendo-la-experiencia-de-emprender-emprendimiento-y-empresa-familiar-iii\/"},"modified":"2026-01-22T13:18:15","modified_gmt":"2026-01-22T12:18:15","slug":"7a-edicion-workshop-viviendo-la-experiencia-de-emprender-emprendimiento-y-empresa-familiar-iii","status":"publish","type":"events","link":"https:\/\/indem.uc3m.es\/es\/events\/7a-edicion-workshop-viviendo-la-experiencia-de-emprender-emprendimiento-y-empresa-familiar-iii\/","title":{"rendered":"7\u00aa Edici\u00f3n Workshop Viviendo la Experiencia de Emprender. Emprendimiento y Empresa Familiar III"},"content":{"rendered":"<p><span style=\"font-weight: bold;\">El Workshop est\u00e1 dirigido a:<\/span><\/p>\n<ul>\n<li>Emprendedores<\/li>\n<li>Empresas familiares y familias empresarias<\/li>\n<li>Estudiantado de grado y postgrado<\/li>\n<li>P\u00fablico en general interesado en esta materia<\/li>\n<\/ul>\n<p><span style=\"font-weight: bold;\">Programa<\/span><\/p>\n<p><a href=\"https:\/\/indem.uc3m.es\/pdf\/1736931209-programa.pdf\" target=\"_blank\">programa<\/a><a href=\"https:\/\/indem.uc3m.es\/pdf\/1736931209-programa.pdf\"><\/a><span style=\"font-weight: bold;\"><br \/><\/span><\/p>\n<p><span style=\"font-weight: bold;\">Lugar y fecha de celebraci\u00f3n<\/span><\/p>\n<p>Campus de Getafe:\u00a0<\/p>\n<p>Lunes 17 de febrero de 2025 de 9.30h a 14h: Aula 11.1.16<\/p>\n<p>Martes 18 de febrero de 2025 de 9.30h a 14h: Aula 11.0.17<\/p>\n<p><span style=\"font-weight: bold;\">Inscripci\u00f3n gratuita. Para asistir al evento es obligatorio registrarse enviando un correo electr\u00f3nico a: <a href=\"mailto:indem@uc3m.es\" target=\"_blank\">indem@uc3m.es<\/a><\/span><\/p>\n<p><span style=\"font-weight: bold;\">Comit\u00e9 organizador<\/span><\/p>\n<p><a href=\"https:\/\/business.uc3m.es\/es\/faculty\/profesor\/perfil\/maria-jose-sanchez-bueno\" target=\"_blank\">Mar\u00eda Jos\u00e9 S\u00e1nchez Bueno<\/a> y <a href=\"https:\/\/indem.uc3m.es\/es\/members\/profesor\/perfil\/fernando-munoz-bullon\" target=\"_blank\">Fernando Mu\u00f1oz Bull\u00f3n<\/a>. Departamento de Econom\u00eda de la Empresa<\/p>\n<p><span style=\"font-weight: bold;\">Colaboran<\/span><\/p>\n<p>Instituto para el Desarrollo de Empresas y Mercados (INDEM) (UC3M)<\/p>\n<p>Departamento de Econom\u00eda de la Empresa (UC3M)<\/p>\n<p>Escuela de Formaci\u00f3n Continua (UC3M)<\/p>\n<p>SEI (Servicio de apoyo al Emprendimiento y la Innovaci\u00f3n) (UC3M)<\/p>\n<p>Facultad de Ciencias Sociales y Jur\u00eddicas (UC3M)<\/p>\n<p><span style=\"font-weight: bold;\">Informaci\u00f3n y contacto<\/span><\/p>\n<p><a href=\"mailto:indem@uc3m.es\" target=\"_blank\">indem@uc3m.es<\/a><\/p>\n<p><\/p>\n","protected":false},"featured_media":1642,"template":"","meta":{"site-sidebar-layout":"default","site-content-layout":"","ast-site-content-layout":"default","site-content-style":"default","site-sidebar-style":"default","ast-global-header-display":"","ast-banner-title-visibility":"","ast-main-header-display":"","ast-hfb-above-header-display":"","ast-hfb-below-header-display":"","ast-hfb-mobile-header-display":"","site-post-title":"","ast-breadcrumbs-content":"","ast-featured-img":"","footer-sml-layout":"","ast-disable-related-posts":"","theme-transparent-header-meta":"","adv-header-id-meta":"","stick-header-meta":"","header-above-stick-meta":"","header-main-stick-meta":"","header-below-stick-meta":"","astra-migrate-meta-layouts":"default","ast-page-background-enabled":"default","ast-page-background-meta":{"desktop":{"background-color":"","background-image":"","background-repeat":"repeat","background-position":"center center","background-size":"auto","background-attachment":"scroll","background-type":"","background-media":"","overlay-type":"","overlay-color":"","overlay-opacity":"","overlay-gradient":""},"tablet":{"background-color":"","background-image":"","background-repeat":"repeat","background-position":"center center","background-size":"auto","background-attachment":"scroll","background-type":"","background-media":"","overlay-type":"","overlay-color":"","overlay-opacity":"","overlay-gradient":""},"mobile":{"background-color":"","background-image":"","background-repeat":"repeat","background-position":"center center","background-size":"auto","background-attachment":"scroll","background-type":"","background-media":"","overlay-type":"","overlay-color":"","overlay-opacity":"","overlay-gradient":""}},"ast-content-background-meta":{"desktop":{"background-color":"var(--ast-global-color-5)","background-image":"","background-repeat":"repeat","background-position":"center center","background-size":"auto","background-attachment":"scroll","background-type":"","background-media":"","overlay-type":"","overlay-color":"","overlay-opacity":"","overlay-gradient":""},"tablet":{"background-color":"var(--ast-global-color-5)","background-image":"","background-repeat":"repeat","background-position":"center center","background-size":"auto","background-attachment":"scroll","background-type":"","background-media":"","overlay-type":"","overlay-color":"","overlay-opacity":"","overlay-gradient":""},"mobile":{"background-color":"var(--ast-global-color-5)","background-image":"","background-repeat":"repeat","background-position":"center center","background-size":"auto","background-attachment":"scroll","background-type":"","background-media":"","overlay-type":"","overlay-color":"","overlay-opacity":"","overlay-gradient":""}}},"year-events":[59],"class_list":["post-7105","events","type-events","status-publish","has-post-thumbnail","hentry","year-events-59"],"_links":{"self":[{"href":"https:\/\/indem.uc3m.es\/es\/wp-json\/wp\/v2\/events\/7105","targetHints":{"allow":["GET"]}}],"collection":[{"href":"https:\/\/indem.uc3m.es\/es\/wp-json\/wp\/v2\/events"}],"about":[{"href":"https:\/\/indem.uc3m.es\/es\/wp-json\/wp\/v2\/types\/events"}],"wp:featuredmedia":[{"embeddable":true,"href":"https:\/\/indem.uc3m.es\/es\/wp-json\/wp\/v2\/media\/1642"}],"wp:attachment":[{"href":"https:\/\/indem.uc3m.es\/es\/wp-json\/wp\/v2\/media?parent=7105"}],"wp:term":[{"taxonomy":"year-events","embeddable":true,"href":"https:\/\/indem.uc3m.es\/es\/wp-json\/wp\/v2\/year-events?post=7105"}],"curies":[{"name":"wp","href":"https:\/\/api.w.org\/{rel}","templated":true}]}}

7ª Edición Workshop Viviendo la Experiencia de Emprender. Emprendimiento y Empresa Familiar III

<p><span style="font-weight: bold;">El Workshop está dirigido a:</span></p>
<ul>
<li>Emprendedores</li>
<li>Empresas familiares y familias empresarias</li>
<li>Estudiantado de grado y postgrado</li>
<li>Público en general interesado en esta materia</li>
</ul>
<p><span style="font-weight: bold;">Programa</span></p>
<p><a href="https://indem.uc3m.es/pdf/1736931209-programa.pdf" target="_blank">programa</a><a href="https://indem.uc3m.es/pdf/1736931209-programa.pdf"></a><span style="font-weight: bold;"><br /></span></p>
<p><span style="font-weight: bold;">Lugar y fecha de celebración</span></p>
<p>Campus de Getafe: </p>
<p>Lunes 17 de febrero de 2025 de 9.30h a 14h: Aula 11.1.16</p>
<p>Martes 18 de febrero de 2025 de 9.30h a 14h: Aula 11.0.17</p>
<p><span style="font-weight: bold;">Inscripción gratuita. Para asistir al evento es obligatorio registrarse enviando un correo electrónico a: <a href="mailto:indem@uc3m.es" target="_blank">indem@uc3m.es</a></span></p>
<p><span style="font-weight: bold;">Comité organizador</span></p>
<p><a href="https://business.uc3m.es/es/faculty/profesor/perfil/maria-jose-sanchez-bueno" target="_blank">María José Sánchez Bueno</a> y <a href="https://indem.uc3m.es/es/members/profesor/perfil/fernando-munoz-bullon" target="_blank">Fernando Muñoz Bullón</a>. Departamento de Economía de la Empresa</p>
<p><span style="font-weight: bold;">Colaboran</span></p>
<p>Instituto para el Desarrollo de Empresas y Mercados (INDEM) (UC3M)</p>
<p>Departamento de Economía de la Empresa (UC3M)</p>
<p>Escuela de Formación Continua (UC3M)</p>
<p>SEI (Servicio de apoyo al Emprendimiento y la Innovación) (UC3M)</p>
<p>Facultad de Ciencias Sociales y Jurídicas (UC3M)</p>
<p><span style="font-weight: bold;">Información y contacto</span></p>
<p><a href="mailto:indem@uc3m.es" target="_blank">indem@uc3m.es</a></p>
<p></p>
